/(c/(-40)). What are the prime factors of 2 + p + -3 + -1?
2, 11
Suppose 186*a - 181*a = -5. List the prime factors of (1 + 4)*a/(35/(-1421)).
7, 29
Let k = -4573 + 11028. What are the prime factors of k?
5, 1291
Let z(k) = 3*k - 36. Let p be z(13). Suppose 0 = -q + 4*f + 21 + 100, 0 = f + p. Suppose 18 = r - q. List the prime factors of r.
127
Let f = -35 - -45. List the prime factors of f/5 - -57 - 0.
59
Let p(k) = -2*k**3 - 5*k**2 - 5. Let j be p(-5). Let b = -117 + j. Suppose t - 29 = -2*t - 2*s, b*t = s + 26. List the prime factors of t.
3
Suppose -30*g + 38*g - 24 = 0. Suppose 2*j + 3208 = 4*t + j, -12 = g*j. Suppose 0 = -i - 2*i + t. What are the prime factors of i?
3, 89
Let f(n) = -426*n. Let i be f(-2). Suppose 3*l - 798 = i. List the prime factors of l.
2, 5, 11
Let r(m) = -5*m - 149. Let f be r(-41). Suppose -4*d = 2*y + d - 40, 2*y - 3*d - f = 0. List the prime factors of y.
5
Let n = -68446 + 108939. List the prime factors of n.
40493
Suppose 4082 = 5*l - 4*t, -22*l - 5*t + 3241 = -18*l. Suppose -649 = 3*w - 7*w + i, 4*i + l = 5*w. List the prime factors of w.
2, 3
Suppose 32*a - 38*a = 30. What are the prime factors of (-8)/a*(-46375)/(-106)?
2, 5, 7
Suppose -6*u - 13*u + 171 = 0. Suppose -u*t = -189 - 90. List the prime factors of t.
31
Let n = 75 + -61. Suppose n*j = 8*j + 2868. List the prime factors of j.
2, 239
Let n be (-12)/30 + (-66)/(-15). Suppose 0 = n*x - 12 + 32, -4*x = -l - 35. Let y = l + 154. List the prime factors of y.
3, 11
Let m = 36 + -11. Let w = 50 - m. Let s = w + 13. List the prime factors of s.
2, 19
List the prime factors of (-8)/((-360)/278361) - 4/5.
5, 1237
Let x be (-5 + (-660)/8)*-2. Suppose -2*u + 1733 = -3*y - 2*y, 5*y = -3*u + 2612. Suppose -i + u = 5*k - 4*i, -i - x = -k. What are the prime factors of k?
2, 43
Let z be -6*(0 + 4 - 3)*7. Let y be (0 - z/(-4))/((-2)/8). Suppose 2*n = 3*b - 44, -4*b + b + y = -3*n. What are the prime factors of b?
2
Suppose -14*o + 16 = -10*o. Suppose -4*k = -k - o*q - 32, -q = 2*k - 3. Suppose 3*y - 144 - 22 = -4*f, -k*y + 253 = -f. What are the prime factors of y?
2, 31
Suppose -r = 6*t - 4*t - 2, -3*t = -5*r + 23. Suppose r*v = 24*v - 6080. List the prime factors of v.
2, 19
Let n be 1 - 4 - (-1 + 82). Let a = -66 - n. What are the prime factors of (1*a/15)/((-3)/(-315))?
2, 3, 7
Suppose 8 = -4*h - 8. Let b be (-2)/(h/(36 + -4)). Suppose -b*s = -4*s - 780. What are the prime factors of s?
5, 13
Let v = -3610 - -5346. What are the prime factors of v/17 + 236/(-2006)?
2, 3, 17
Suppose 4*w - 9297 = -3*m, 0 = 2*m - 5*w - 0*w - 6198. List the prime factors of m.
3, 1033
Let d(u) = -5*u**3 - 111*u**2 + 48*u + 45. List the prime factors of d(-26).
7, 1663
Suppose -v + 39 = 585. Let t = v + 915. What are the prime factors of t?
3, 41
Suppose 12*m - 33980 = 19380 + 55864. List the prime factors of m.
2, 3, 37, 41
Let p = 216 + -213. What are the prime factors of p/(-54)*-1077*6?
359
Let n = 32 - 5. Suppose 0 = -32*b + n*b + 600. Suppose -4*j + b = -144. What are the prime factors of j?
2, 3, 11
Let j be 6/(-4)*4*(-14)/21. Let u be -6 + 130/(-3) - j/6. Let k = u - -83. List the prime factors of k.
3, 11
Let j(f) = -5*f**2 - 8*f + 60. Let g(c) = 6*c**2 + 9*c - 61. Let z(u) = -4*g(u) - 5*j(u). List the prime factors of z(-22).
2, 5, 17
Suppose 92*t - 89*t + 1929 = 0. Let u = 168 - t. What are the prime factors of u?
811
Suppose 0 = -2*w - 10, 4*z - 9334 = 4*w - 6*w. Suppose -4*m = -4*h + z, -82*h - 5*m = -80*h - 1147. List the prime factors of h.
7, 83
Suppose 4*m + 4*b + 604 = m, -4*m - 812 = 2*b. Suppose -6*p + 24*p + 8928 = 0. Let u = m - p. List the prime factors of u.
2, 73
Let c(d) = 6*d + 4817. What are the prime factors of c(-127)?
5, 811
Let c be 236/(-177)*-6*2. Suppose -12*h + c*h = -3*w + 1496, 998 = 2*w + 2*h. What are the prime factors of w?
2, 5
Suppose -2 = 2*c - 0. Let u be (2 + 16/(-4))/c. Suppose -4*d + u*d = -120. What are the prime factors of d?
2, 3, 5
Suppose 4 = 4*k - 3*u + 1, 5*k + 3*u = 24. Suppose -k*p + s = -49, 2*p - 8 - 10 = -3*s. What are the prime factors of p/((-23)/(-5) - 4)?
5
Let y be (-2)/8 - 12354468/(-336). Suppose 0 = 27*c + 1183 - y. List the prime factors of c.
2, 659
What are the prime factors of (-4)/10 - (11912009/(-235) + -8)?
3, 43, 131
Let t = 10656 + -6479. What are the prime factors of t?
4177
Suppose 28*g - 5073 - 103595 = 0. List the prime factors of g.
3881
Suppose 72*q = -192*q + 30013 + 54467. List the prime factors of q.
2, 5
Let u(y) = -31*y - 94. Let z be u(-19). Suppose -4*l = 3*k - 494, 0*k + 3*k + 3*l - z = 0. What are the prime factors of k?
2, 83
Let m be 1402*(-6 - -5) - (-7 - -4). Let s = 406 - m. What are the prime factors of s?
5, 19
Suppose 3*l - n - 92156 = -5*n, 28 = -4*n. List the prime factors of l.
2, 23, 167
Suppose -12*d = -19*d + 35. Suppose -d*s = -4*m - 3335, -873 - 1150 = -3*s - 2*m. Let l = -472 + s. List the prime factors of l.
199
Let p(n) = -n**3 + 18*n**2 + 24*n + 23. Suppose 9*o + 24 = 6*o. Let l(r) = -2*r + 3. Let j be l(o). What are the prime factors of p(j)?
2, 59
Suppose 0 = -3*q + 43 + 95. What are the prime factors of (6 + q/(-8))*1784?
2, 223
Suppose -12*l = -4126 - 4898. Suppose -4*g + l + 856 = 0. What are the prime factors of g?
2, 3, 67
Let y be 4 + 130/(-35) + (-2600)/(-14). Let t = y + 285. List the prime factors of t.
3, 157
Suppose -5*g + 3*k + 384 = 0, g - 13*k + 16*k - 66 = 0. List the prime factors of (g/(-9))/((-2)/348).
2, 5, 29
Suppose 2*h - 12*f = -10*f + 24, -f + 8 = h. List the prime factors of h/(-120) - 5299/(-84).
3, 7
Let f(g) = 573*g**2 - 55*g - 600. What are the prime factors of f(-9)?
2, 3, 17, 227
Suppose 0 = 9*v - 36 + 9. Suppose 2*g - 1612 = -2*h, -v*h + 2450 = -10*g + 5*g. What are the prime factors of h?
2, 3, 5
Let u be 393/(-6) - 1/2. Let l be (66/(-9))/((-10)/(-30)). Let o = l - u. List the prime factors of o.
2, 11
Let t(c) = 12*c**2 + 3*c - 6. Let k(s) = -s**3 - 9*s**2 + s + 13. Let q be k(-9). Let h be t(q). What are the prime factors of ((-2)/(-6))/(6/h)?
11
Suppose 235*s - 1329296 = 207*s - 391100. What are the prime factors of s?
3, 17, 73
Suppose -3*f - k = 2, -5*k + 6 = 3*f + 16. Suppose 2*i - 4*i + 776 = f. List the prime factors of i.
2, 97
Let i(t) = -t**2 - 11*t - 10. Suppose -4*v = 2*v + 180. Let y = v + 22. List the prime factors of i(y).
2, 7
Let p be ((-42)/8)/(291/60 + -5). Suppose -2*y = -269 + p. Let s = 172 - y. What are the prime factors of s?
5, 11
Suppose -14173 = -2*u + j, -132*u - 7114 = -133*u - 5*j. What are the prime factors of u?
3, 17, 139
Let n be -51 + (-15)/10*2. Let u = n - -96. Suppose -3*a + 12 = -u. List the prime factors of a.
2, 3
Let h be ((-4)/3)/(22/(-6) - -3). Let m be 142 - 15/(h + 3). Let d = m + -65. List the prime factors of d.
2, 37
Let p(s) = -4*s**3 - 2. Let x(b) = 5*b**3 - b**2 + b + 3. Let v(f) = 4*p(f) + 3*x(f). List the prime factors of v(-7).
2, 11
Let v(p) = 3*p**3 + p**2 - 7*p + 6. Let z be v(1). Suppose 0 = z*k + k - 104. What are the prime factors of k?
2, 13
Let c = -5173 - -22317. What are the prime factors of c?
2, 2143
Suppose 397*y - 385*y = 112164. List the prime factors of y.
13, 719
Suppose -12*v + 91960 = -6*v + 14*v. List the prime factors of v.
2, 11, 19
Let y = 24 + -28. Suppose 0 = 8*x - 181 - 11. List the prime factors of (-1*y/(-6))/(x/(-504)).
2, 7
Suppose 8*m = 31*m - 88826. Suppose 0 = -3*d - 6, 8*s - 5*s - 5*d = m. What are the prime factors of s?
2, 3, 107
Let n(u) = 4*u**2 - 44*u + 7252. List the prime factors of n(138).
2, 83, 233
Let b = -2715 - -6141. Suppose -3*o - b = -6*o. What are the prime factors of o?
2, 571
Let m = -1101 - -1565. Suppose 4*l = p + 3*p - m, -2*p + 236 = -l. List the prime factors of p.
2, 3, 5
Let o = 26 - 26. Suppose -517 = -4*b - p, 4*b - 511 = 5*p - o*p. Suppose 0 = -3*f + 4*u + b, -4*f + u = -u - 172. List the prime factors of f.
43
Let i = 2 - -4. Let o(v) = v**2 - 11*v + 30. Let t be o(6). Suppose 114 = i*u - t*u. What are the prime factors of u?
19
Suppose -3*x - 4*q = -7*q + 3, 5*x + 5 = -3*q. Let j be 2 + x - ((-5)/(-1))/(-5). Suppose 405 = 5*h - 5*t, -78 = -2*h + h - j*t. List the prime factors of h.
2, 5
Let c = 305 + -799. Let r = c - -1095. List the prime factors of r.
601
Suppose 2*k - 16 = 3*a - 2, -k + 12 = -4*a. Suppose l + 